{"id":6046,"date":"2026-03-12T09:57:51","date_gmt":"2026-03-12T09:57:51","guid":{"rendered":"https:\/\/www.ensaturk.com\/?page_id=6046"},"modified":"2026-03-12T09:58:31","modified_gmt":"2026-03-12T09:58:31","slug":"sample-page-14-23","status":"publish","type":"page","link":"https:\/\/www.ensaturk.com\/?page_id=6046","title":{"rendered":"ENSA Akademi"},"content":{"rendered":"\t\t<div data-elementor-type=\"wp-page\" data-elementor-id=\"6046\" class=\"elementor elementor-6046\" data-elementor-post-type=\"page\">\n\t\t\t\t<div class=\"elementor-element elementor-element-3d46a2f e-flex e-con-boxed e-con e-parent\" data-id=\"3d46a2f\" data-element_type=\"container\" data-e-type=\"container\">\n\t\t\t\t\t<div class=\"e-con-inner\">\n\t\t\t\t<div class=\"elementor-element elementor-element-76de21d elementor-widget elementor-widget-spacer\" data-id=\"76de21d\" data-element_type=\"widget\" data-e-type=\"widget\" data-widget_type=\"spacer.default\">\n\t\t\t\t\t\t\t<div class=\"elementor-spacer\">\n\t\t\t<div class=\"elementor-spacer-inner\"><\/div>\n\t\t<\/div>\n\t\t\t\t\t\t<\/div>\n\t\t\t\t\t<\/div>\n\t\t\t\t<\/div>\n\t\t<div class=\"elementor-element elementor-element-b5b5d2f e-flex e-con-boxed e-con e-parent\" data-id=\"b5b5d2f\" data-element_type=\"container\" data-e-type=\"container\">\n\t\t\t\t\t<div class=\"e-con-inner\">\n\t\t\t\t<div class=\"elementor-element elementor-element-3b84e1f elementor-widget elementor-widget-text-editor\" data-id=\"3b84e1f\" data-element_type=\"widget\" data-e-type=\"widget\" data-widget_type=\"text-editor.default\">\n\t\t\t\t\t\t\t\t\t<p>ENSA Akademi, kurumsal e\u011fitim programlar\u0131 ile \u00e7al\u0131\u015fan fark\u0131ndal\u0131\u011f\u0131n\u0131 art\u0131r\u0131r ve i\u015fletmelerde kal\u0131c\u0131 g\u00fcvenlik k\u00fclt\u00fcr\u00fc olu\u015fturur.<\/p><p>\u0130SG, \u00e7evre ve sekt\u00f6rel risk alanlar\u0131nda haz\u0131rlanan e\u011fitim programlar\u0131; bilgiyi davran\u0131\u015fa d\u00f6n\u00fc\u015ft\u00fcrmeyi hedefler.<\/p><p><strong>De\u011fer Katk\u0131s\u0131:<\/strong><br \/>Kurumsal e\u011fitim programlar\u0131 ile \u00e7al\u0131\u015fan bilincini art\u0131r\u0131r ve kal\u0131c\u0131 g\u00fcvenlik k\u00fclt\u00fcr\u00fc olu\u015fturur.<\/p>\t\t\t\t\t\t\t\t<\/div>\n\t\t\t\t\t<\/div>\n\t\t\t\t<\/div>\n\t\t<div class=\"elementor-element elementor-element-56af5b5 e-flex e-con-boxed e-con e-parent\" data-id=\"56af5b5\" data-element_type=\"container\" data-e-type=\"container\">\n\t\t\t\t\t<div class=\"e-con-inner\">\n\t\t\t\t<div class=\"elementor-element elementor-element-3414f8f elementor-widget elementor-widget-spacer\" data-id=\"3414f8f\" data-element_type=\"widget\" data-e-type=\"widget\" data-widget_type=\"spacer.default\">\n\t\t\t\t\t\t\t<div class=\"elementor-spacer\">\n\t\t\t<div class=\"elementor-spacer-inner\"><\/div>\n\t\t<\/div>\n\t\t\t\t\t\t<\/div>\n\t\t\t\t\t<\/div>\n\t\t\t\t<\/div>\n\t\t\t\t<\/div>\n\t\t","protected":false},"excerpt":{"rendered":"<p>ENSA Akademi, kurumsal e\u011fitim programlar\u0131 ile \u00e7al\u0131\u015fan fark\u0131ndal\u0131\u011f\u0131n\u0131 art\u0131r\u0131r ve i\u015fletmelerde kal\u0131c\u0131 g\u00fcvenlik k\u00fclt\u00fcr\u00fc olu\u015fturur. \u0130SG, \u00e7evre ve sekt\u00f6rel risk alanlar\u0131nda haz\u0131rlanan e\u011fitim programlar\u0131; bilgiyi davran\u0131\u015fa d\u00f6n\u00fc\u015ft\u00fcrmeyi hedefler. De\u011fer Katk\u0131s\u0131:Kurumsal e\u011fitim programlar\u0131 ile \u00e7al\u0131\u015fan bilincini art\u0131r\u0131r ve kal\u0131c\u0131 g\u00fcvenlik k\u00fclt\u00fcr\u00fc olu\u015fturur.<\/p>\n","protected":false},"author":1,"featured_media":0,"parent":0,"menu_order":0,"comment_status":"closed","ping_status":"closed","template":"","meta":{"footnotes":""},"class_list":["post-6046","page","type-page","status-publish","hentry"],"_links":{"self":[{"href":"https:\/\/www.ensaturk.com\/index.php?rest_route=\/wp\/v2\/pages\/6046","targetHints":{"allow":["GET"]}}],"collection":[{"href":"https:\/\/www.ensaturk.com\/index.php?rest_route=\/wp\/v2\/pages"}],"about":[{"href":"https:\/\/www.ensaturk.com\/index.php?rest_route=\/wp\/v2\/types\/page"}],"author":[{"embeddable":true,"href":"https:\/\/www.ensaturk.com\/index.php?rest_route=\/wp\/v2\/users\/1"}],"replies":[{"embeddable":true,"href":"https:\/\/www.ensaturk.com\/index.php?rest_route=%2Fwp%2Fv2%2Fcomments&post=6046"}],"version-history":[{"count":4,"href":"https:\/\/www.ensaturk.com\/index.php?rest_route=\/wp\/v2\/pages\/6046\/revisions"}],"predecessor-version":[{"id":6050,"href":"https:\/\/www.ensaturk.com\/index.php?rest_route=\/wp\/v2\/pages\/6046\/revisions\/6050"}],"wp:attachment":[{"href":"https:\/\/www.ensaturk.com\/index.php?rest_route=%2Fwp%2Fv2%2Fmedia&parent=6046"}],"curies":[{"name":"wp","href":"https:\/\/api.w.org\/{rel}","templated":true}]}}